what is 1d - 1de78?
-1de5b
In base 12, what is -2 + 657a3269?
657a3267
In base 5, what is -113 - 232341203?
-232341321
In base 3, what is -12 + -21112221021112?
-21112221021201
In base 2, what is 11 - -1001110100100010000011?
1001110100100010000110
In base 9, what is 2243053534 + 2?
2243053536
In base 2, what is 11010000010111100100 + -101?
11010000010111011111
In base 7, what is -10636 - -425?
-10211
In base 11, what is 528a36 + -63?
528983
In base 2, what is 10 - -100100110011100?
100100110011110
In base 7, what is 2 - 2100436101?
-2100436066
In base 16, what is -4 - d5bf37?
-d5bf3b
In base 14, what is -18 - 4b298?
-4b2b2
In base 9, what is -3 - 61811445?
-61811448
In base 13, what is 5225 + 1c08b?
242b3
In base 5, what is -321042130 - -40?
-321042040
In base 14, what is 25c2 + 2717?
4cd9
In base 15, what is -a887a - d3?
-a895d
In base 9, what is -5 + 24435625?
24435620
In base 5, what is 2021131330001 + -2?
2021131324444
In base 15, what is -31631 - 346?
-31977
In base 13, what is 2601b - -4b3?
26501
In base 10, what is 78 + 517076?
517154
In base 9, what is -3128753 + -83?
-3128846
In base 16, what is 26 + 21189?
211af
In base 16, what is 17604 + -b3?
17551
In base 7, what is -231343015 + 2?
-231343013
In base 9, what is -6 + -306441140?
-306441146
In base 12, what is b + 2252972?
2252981
In base 7, what is 24133 - 54302?
-30136
In base 5, what is 14000134 - -223?
14000412
In base 14, what is -5 + 38317d6?
38317d1
In base 3, what is -22110012 - -111211021?
12101002
In base 16, what is -1b + b86781?
b86766
In base 2, what is 11011000101110000 + 1011001?
11011000111001001
In base 11, what is -87 - 2915805?
-2915891
In base 11, what is 116 + 37444?
3755a
In base 12, what is -1062 + -10018?
-1107a
In base 7, what is 10 + -661605?
-661565
In base 4, what is 1202 + -101311030?
-101303222
In base 4, what is 3 - 103100312030?
-103100312021
In base 2, what is -1000111001010 + 10000000101010000111?
1111111100010111101
In base 6, what is 521 + 13214035?
13215000
In base 4, what is 132023302233301 + -10?
132023302233231
In base 4, what is -322130202 + 1210?
-322122332
In base 11, what is a + 27671?
27680
In base 11, what is -144 + 199940?
1997a7
In base 7, what is -5 + -552203061?
-552203066
In base 13, what is -2 + -73096b78?
-73096b7a
In base 4, what is -2130130 + 123132?
-2000332
In base 15, what is -2c + -1aaab0?
-1aaadc
In base 14, what is -1 - -427d29?
427d28
In base 14, what is -13 - 37cb4b?
-37cb60
In base 4, what is 1330331213331 - 100?
1330331213231
In base 11, what is -48349a0 - 49?
-4834a39
In base 3, what is 2002001010021 - 2?
2002001010012
In base 15, what is 30eaa + -15?
30e95
In base 7, what is -430 - 2053234?
-2053664
In base 3, what is -100 + -101010212020?
-101010212120
In base 4, what is -123 - -2103232203?
2103232020
In base 3, what is 2110002202101 + 2102?
2110002211210
In base 5, what is 4020 - -21443321?
22002341
In base 2, what is 11101110110010010100010011 - -11?
11101110110010010100010110
In base 4, what is -10 - -131331132232?
131331132222
In base 11, what is 144 + -13a400?
-13a267
In base 12, what is -13722b - -8?
-137223
In base 16, what is 167 - -19d5?
1b3c
In base 5, what is -10 - 133130202310?
-133130202320
In base 14, what is -2884 - 12638?
-150bc
In base 8, what is 2 - -11103751?
11103753
In base 7, what is 26 + 2263626?
2263655
In base 16, what is -624 - -3b7?
-26d
In base 10, what is -3290226 + -3?
-3290229
In base 6, what is -2553 + 31504351?
31501354
In base 15, what is -43720 - -6c8?
-43047
In base 10, what is -216551 + 431?
-216120
In base 12, what is 0 + 14555a0?
14555a0
In base 5, what is -24034124230 - -1?
-24034124224
In base 10, what is -8357 - 2271?
-10628
In base 5, what is -42 - -32244140?
32244043
In base 10, what is 170949602 - -1?
170949603
In base 11, what is 3 - -90681?
90684
In base 14, what is -81 - -cd51?
ccb0
In base 13, what is 1679 - 7901?
-6255
In base 5, what is 220323 - 20404?
144414
In base 11, what is 110 + 62635?
62745
In base 2, what is -101 - -1011100111100100100100?
1011100111100100011111
In base 10, what is -10 + 4028411?
4028401
In base 13, what is -19 - 96812a?
-968146
In base 2, what is 10011011110111111110 - 110?
10011011110111111000
In base 10, what is 74827 + -1000?
73827
In base 3, what is 1010110110112220 + 0?
1010110110112220
In base 12, what is -3 - 24553b9?
-2455400
In base 3, what is -11 - -101010210110201?
101010210110120
In base 14, what is 1 - 1a8962d?
-1a8962c
In base 14, what is 1 + -7919d?
-7919c
In base 3, what is 202000221022112 - -12?
202000221022201
In base 12, what is 8b892b3 - 0?
8b892b3
In base 11, what is -121320a25 - -3?
-121320a22
In base 3, what is 1002021000222 + 102?
1002021001101
In base 10, what is -47 - -188856?
188809
In base 5, what is 3104022303 + 4?
3104022312
In base 8, what is -65 + 7422143?
7422056
In base 12, what is 28 - -9a6bb?
9a727
In base 3, what is -201111 + 11112101100?
11111122212
In base 9, what is -3 - -18856068?
18856065
In base 2, what is 110100000110000100100 - 1000010100?
110100000101000010000
In base 2, what is -1100010 + 1110111010010011001?
1110111010000110111
In base 13, what is 268650 - -480?
268b00
In base 11, what is -925279a7 - 5?
-92527a01
In base 16, what is 512 + 2ac0e?
2b120
In base 9, what is 2 - 14472050?
-14472047
In base 12, what is -6a1516 - 0?
-6a1516
In base 2, what is -10110101000110111110111 - 100?
-10110101000110111111011
In base 13, what is 1 + -85bb26?
-85bb25
In base 9, what is 33457 + -4374?
28073
In base 8, what is 10 + 154153201?
154153211
In base 4, what is -3000031102 + 11?
-3000031031
In base 3, what is 10101221202221102012 + 0?
10101221202221102012
In base 2, what is -101000111000101 + 10001000001?
-100110110000100
In base 14, what is -852a5 - b32?
-85dd7
In base 5, what is -31 + -213322214?
-213322300
In base 16, what is 460 + -721?
-2c1
In base 14, what is a0883 + -1?
a0882
In base 10, what is -14587 + -336?
-14923
In base 12, what is 1696 + -1056?
640
In base 13, what is b724b + c?
b725a
In base 8, what is 63477 - -331?
64030
In base 13, what is 0 + 59347?
59347
In base 5, what is -313340 - -12141?
-301144
In base 6, what is -233 + -5555134?
-5555411
In base 10, what is -66495 - -13?
-66482
In base 11, what is -131a31 - 3?
-131a34
In base 8, what is 234062526 + -7?
234062517
In base 5, what is -30112233 + -22041?
-30134324
In base 7, what is 531 - 544221?
-543360
In base 11, what is -188 - -85845?
85668
In base 2, what is 10001111101 - 1010100000001?
-1000010000100
In base 11, what is -33914a98 - -2?
-33914a96
In base 3, what is -20120 - 20120022020?
-20120112210
In base 7, what is -150163 - 12433?
-162626
In base 16, what is 35a + -273?
e7
In base 6, what is -13 - -124245532?
124245515
In base 12, what is -92 - 10ab443?
-10ab515
In base 2, what is -101 + 101001110110000011010?
101001110110000010101
In base 10, what is 51408 + 9301?
60709
In base 7, what is -333 - -13131651?
13131315
In base 6, what is 234 + 110305?
110543
In base 9, what is 62325671 + 2?
62325673
In base 9, what is 2461627651 - -5?
2461627656
In base 16, what is -2764 - 100?
-2864
In base 2, what is -111111100101110010000001 + -10?
-111111100101110010000011
In base 9, what is 1162 - -2843?
4115
In base 7, what is 2262361 + -22?
2262336
In base 10, what is -1809 - -10098?
8289
In base 13, what is 16 - 1c969b8?
-1c969a2
In base 2, what is 10000101 - 100111011000011?
-100111000111110
In base 4, what is -300030 - 110002?
-1010032
In base 6, what is -102 - -12334214?
12334112
In base 3, what is 2210222122200 - -101?
2210222200001
In base 13, what is 30 - 349aa?
-3497a
In base 16, what is ce29d8a - -5?
ce29d8f
In base 10, what is 3162 + -159?
3003
In base 9, what is -53455 - 30?
-53485
In base 2, what is -10011000010111001011 - 101101000?
-10011000011100110011
In base 7, what is -630 + 2101262?
2100332
In base 11, what is 459 - 30?
429
In base 6, what is 414 + -20013324?
-20012510
In base 10, what is -14 - -28692111?
28692097
In base 8, what is -242416456 - -5?
-242416451
In base 14, what is 49b73b + -18?
49b723
In base 11, what is 45018292 - -5?
45018297
In base 14, what is -8407 - -2473?
-5d74
In base 15, what is 0 + -66a548?
-66a548
In base 7, what is -2 - -433444114?
433444112
In base 5, what is 11223 - -400341203?
4004024